61?
9
What is the hundred thousands digit of 530152591?
1
What is the units digit of 6236947?
7
What is the thousands digit of 34541212?
1
What is the tens digit of 483217240?
4
What is the thousands digit of 38408672?
8
What is the millions digit of 31676991?
1
What is the ten thousands digit of 199426938?
2
What is the thousands digit of 3911692982?
2
What is the hundred millions digit of 331635547?
3
What is the ten thousands digit of 666074509?
7
What is the millions digit of 29290638?
9
What is the units digit of 1875257061?
1
What is the ten millions digit of 65293140?
6
What is the thousands digit of 707602611?
2
What is the hundreds digit of 96786808?
8
What is the hundred millions digit of 164776595?
1
What is the hundreds digit of 50160445?
4
What is the ten millions digit of 7302023917?
0
What is the units digit of 43681780?
0
What is the units digit of 6384108988?
8
What is the millions digit of 853958897?
3
What is the thousands digit of 8083358?
3
What is the hundreds digit of 52764499?
4
What is the hundreds digit of 63470402?
4
What is the hundred millions digit of 360165338?
3
What is the hundreds digit of 41685263?
2
What is the thousands digit of 180277634?
7
What is the thousands digit of 404014966?
4
What is the hundred millions digit of 194230834?
1
What is the thousands digit of 47989030?
9
What is the hundred thousands digit of 35434340?
4
What is the tens digit of 83280619?
1
What is the hundred thousands digit of 344069113?
0
What is the hundreds digit of 920807976?
9
What is the tens digit of 654261870?
7
What is the tens digit of 63792583?
8
What is the ten millions digit of 1181276348?
8
What is the hundred thousands digit of 115121547?
1
What is the ten thousands digit of 878819095?
1
What is the millions digit of 121193773?
1
What is the units digit of 10087973?
3
What is the ten millions digit of 61996919?
6
What is the billions digit of 1174277036?
1
What is the hundreds digit of 1226418757?
7
What is the units digit of 584488646?
6
What is the ten millions digit of 2978661760?
7
What is the hundred millions digit of 2831499551?
8
What is the hundred thousands digit of 272626417?
6
What is the millions digit of 13794263?
3
What is the millions digit of 16719170?
6
What is the hundred thousands digit of 45871508?
8
What is the hundred millions digit of 119579219?
1
What is the units digit of 1392492062?
2
What is the millions digit of 2758032308?
8
What is the millions digit of 563239755?
3
What is the ten thousands digit of 49173997?
7
What is the millions digit of 39491395?
9
What is the units digit of 131545062?
2
What is the hundred thousands digit of 33098654?
0
What is the hundred millions digit of 2496778206?
4
What is the thousands digit of 50157684?
7
What is the hundreds digit of 2226417494?
4
What is the ten millions digit of 2514507178?
1
What is the billions digit of 3943436337?
3
What is the units digit of 2033783334?
4
What is the hundreds digit of 134146317?
3
What is the millions digit of 261509244?
1
What is the hundreds digit of 271419041?
0
What is the hundreds digit of 5384140?
1
What is the thousands digit of 26406697?
6
What is the hundred millions digit of 1377310742?
3
What is the units digit of 615929084?
4
What is the hundred millions digit of 1136191984?
1
What is the tens digit of 1486434531?
3
What is the billions digit of 6113191556?
6
What is the billions digit of 4743418518?
4
What is the hundreds digit of 145526031?
0
What is the hundred thousands digit of 14150712?
1
What is the hundreds digit of 1850280768?
7
What is the thousands digit of 1915506151?
6
What is the tens digit of 42143985?
8
What is the thousands digit of 5861291?
1
What is the thousands digit of 43389296?
9
What is the hundred millions digit of 704681338?
7
What is the tens digit of 895473835?
3
What is the ten millions digit of 3063081601?
6
What is the hundred thousands digit of 229010629?
0
What is the hundreds digit of 47633300?
3
What is the hundreds digit of 2678710?
7
What is the hundreds digit of 47685890?
8
What is the hundreds digit of 870146870?
8
What is the tens digit of 569711656?
5
What is the thousands digit of 1927726893?
6
What is the thousands digit of 68018813?
8
What is the ten millions digit of 1313821706?
1
What is the units digit of 43608434?
4
What is the thousands digit of 6756884963?
4
What is the tens digit of 33133946?
4
What is the hundreds digit of 113635077?
0
What is the units digit of 53886149?
9
What is the tens digit of 41462678?
7
What is the ten millions digit of 363741090?
6
What is the hundred thousands digit of 179439101?
4
What is the units digit of 77083768?
8
What is the hundreds digit of 38501105?
1
What is the hundred thousands digit of 26209485?
2
What is the ten thousands digit of 68631163?
3
What is the thousands digit of 4560869456?
9
What is the units digit of 578519023?
3
What is the hundred thousands digit of 697100410?
1
What is the hundreds digit of 1122028752?
7
What is the ten millions digit of 118621002?
1
What is the units digit of 56385185?
5
What is the hundred thousands digit of 750886706?
8
What is the millions digit of 311857957?
1
What is the thousands digit of 1213580490?
0
What is the units digit of 2221945990?
0
What is the units digit of 67052418?
8
What is the hundreds digit of 105841260?
2
What is the tens digit of 46974?
7
What is the hundreds digit of 99062237?
2
What is the millions digit of 122119183?
2
What is the hundred millions digit of 123027124?
1
What is the ten millions digit of 99765651?
9
What is the ten thousands digit of 556818680?
1
What is the ten thousands digit of 820973396?
7
What is the units digit of 18645270?
0
What is the ten thousands digit of 163527208?
2
What is the hundred millions digit of 472328253?
4
What is the thousands digit of 40777920?
7
What is the hundreds digit of 2196645665?
6
What is the hundreds digit of 39176738?
7
What is the ten thousands digit of 14761999?
6
What is the hundred millions digit of 476390344?
4
What is the tens digit of 403333?
3
What is the thousands digit of 1068843704?
3
What is the millions digit of 22495110?
2
What is the millions digit of 3071013826?
1
What is the millions digit of 1085844438?
5
What is the tens digit of 28811751?
5
What is the billions digit of 1581589741?
1
What is the units digit of 371772399?
9
What is the hundred millions digit of 102183149?
1
What is the ten millions digit of 78133150?
7
What is the hundreds digit of 90787245?
2
What is the hundreds digit of 142594259?
2
What is the hundreds digit of 20651819?
8
What is the tens digit of 24430210?
1
What is the hundred thousands digit of 2092529832?
5
What is the hundred thousands digit of 566995853?
9
What is the ten millions digit of 219977366?
1
What is the units digit of 173200011?
1
What is the ten millions digit of 3736214613?
3
What is the tens digit of 1763776607?
0
What is the millions digit of 428599813?
8
What is the units digit of 652196129?
9
What is the millions digit of 22854563?
2
What is the ten thousands digit of 1966806906?
0
What is the millions digit of 438663123?
8
What is the thousands digit of 21887154?
7
What is the tens digit of 539486028?
2
What is the ten millions digit of 106360940?
0
What is the hundred thousands digit of 28066310?
0
What is the ten thousands digit of 838517?
3
What is the thousands digit of 218925024?
5
What is the ten millions digit of 189118711?
8
What is the millions digit of 8681643?
8
What is the hundred millions digit of 2628695570?
6
What is the ten thousands digit of 69751071?
5
What is the ten thousands digit of 97542420?
4
What is the ten millions digit of 119386924?
1
What is the units digit of 1656734848?
8
What is the hundred thousands digit of 4888223402?
2
What is the hundred thousands digit of 1206904763?
9
What is the hundred thousands digit of 37897856?
8
What is the units digit of 550072761?
1
What is the ten thousands digit of 9406780?
0
What is the hundred thousands digit of 127681714?
6
What is the ten thousands digit of 30340290?
4
What is the tens digit of 1837450733?
3
What is the millions digit of 41222996?
1
What is the ten millions digit of 108250120?
0
What is the hundred millions digit of 2245088199?
2
What is the hundre